{"id":31501,"date":"2025-10-01T11:08:09","date_gmt":"2025-10-01T09:08:09","guid":{"rendered":"https:\/\/francescoeconomy.org\/living-eof-events\/fare-impresa-creativamente-lattualita-di-olivetti\/"},"modified":"2025-10-01T11:11:49","modified_gmt":"2025-10-01T09:11:49","slug":"fare-impresa-creativamente-lattualita-di-olivetti","status":"publish","type":"tribe_events","link":"https:\/\/francescoeconomy.org\/it\/living-eof-events\/fare-impresa-creativamente-lattualita-di-olivetti\/","title":{"rendered":"Fare impresa creativamente. L\u2019attualit\u00e0 di Olivetti"},"content":{"rendered":"<p>Sabato 4 ottobre alle ore 11:30 presso la Gran Guardia di Verona all\u2019incontro \u201cFare impresa creativamente. L\u2019attualit\u00e0 di Olivetti\u201d, in occasione dei 65 anni dalla scomparsa di Adriano Olivetti.<br \/>\nA fronte di una sempre maggiore difficolt\u00e0 nella continuit\u00e0 d\u2019impresa, giovani imprenditori di diverse associazioni (tra cui Intrapresa, Ucid, EoF, Federmanager, Confapi e ANGI) dialogheranno con senior, docenti e un mons. Domenico Pompili, vescovo di Verona, su cosa significa fare impresa oggi, sulle sfide del passaggio generazionale e sull\u2019eredit\u00e0 del modello olivettiano.<\/p>\n<p>La partecipazione \u00e8 gratuita, ma i posti sono limitati. Iscriviti subito per riservare il tuo posto!<\/p>\n","protected":false},"excerpt":{"rendered":"<p>A fronte di una sempre maggiore difficolt\u00e0 nella continuit\u00e0 d\u2019impresa, giovani imprenditori di diverse associazioni dialogheranno con senior, docenti e un mons. Domenico Pompili.<\/p>\n","protected":false},"author":3,"featured_media":31495,"template":"","meta":{"_tribe_events_status":"","_tribe_events_status_reason":"","footnotes":""},"tags":[],"tribe_events_cat":[218],"class_list":["post-31501","tribe_events","type-tribe_events","status-publish","has-post-thumbnail","hentry","tribe_events_cat-livingeof","cat_livingeof"],"yoast_head":"<!-- This site is optimized with the Yoast SEO plugin v27.5 - https:\/\/yoast.com\/product\/yoast-seo-wordpress\/ -->\n<title>Fare impresa creativamente. L\u2019attualit\u00e0 di Olivetti | The Economy of Francesco<\/title>\n<meta name=\"robots\" content=\"index, follow, max-snippet:-1, max-image-preview:large, max-video-preview:-1\" \/>\n<link rel=\"canonical\" href=\"https:\/\/francescoeconomy.org\/it\/living-eof-events\/fare-impresa-creativamente-lattualita-di-olivetti\/\" \/>\n<meta property=\"og:locale\" content=\"it_IT\" \/>\n<meta property=\"og:type\" content=\"article\" \/>\n<meta property=\"og:title\" content=\"Fare impresa creativamente. L\u2019attualit\u00e0 di Olivetti | The Economy of Francesco\" \/>\n<meta property=\"og:description\" content=\"A fronte di una sempre maggiore difficolt\u00e0 nella continuit\u00e0 d\u2019impresa, giovani imprenditori di diverse associazioni dialogheranno con senior, docenti e un mons. Domenico Pompili.\" \/>\n<meta property=\"og:url\" content=\"https:\/\/francescoeconomy.org\/it\/living-eof-events\/fare-impresa-creativamente-lattualita-di-olivetti\/\" \/>\n<meta property=\"og:site_name\" content=\"The Economy of Francesco\" \/>\n<meta property=\"article:modified_time\" content=\"2025-10-01T09:11:49+00:00\" \/>\n<meta property=\"og:image\" content=\"https:\/\/francescoeconomy.org\/wp-content\/uploads\/2025\/10\/Olivetti-1.png\" \/>\n\t<meta property=\"og:image:width\" content=\"1414\" \/>\n\t<meta property=\"og:image:height\" content=\"2000\" \/>\n\t<meta property=\"og:image:type\" content=\"image\/png\" \/>\n<meta name=\"twitter:card\" content=\"summary_large_image\" \/>\n<meta name=\"twitter:label1\" content=\"Tempo di lettura stimato\" \/>\n\t<meta name=\"twitter:data1\" content=\"1 minuto\" \/>\n<script type=\"application\/ld+json\" class=\"yoast-schema-graph\">{\"@context\":\"https:\\\/\\\/schema.org\",\"@graph\":[{\"@type\":\"WebPage\",\"@id\":\"https:\\\/\\\/francescoeconomy.org\\\/it\\\/living-eof-events\\\/fare-impresa-creativamente-lattualita-di-olivetti\\\/\",\"url\":\"https:\\\/\\\/francescoeconomy.org\\\/it\\\/living-eof-events\\\/fare-impresa-creativamente-lattualita-di-olivetti\\\/\",\"name\":\"Fare impresa creativamente. L\u2019attualit\u00e0 di Olivetti | The Economy of Francesco\",\"isPartOf\":{\"@id\":\"https:\\\/\\\/francescoeconomy.org\\\/#website\"},\"primaryImageOfPage\":{\"@id\":\"https:\\\/\\\/francescoeconomy.org\\\/it\\\/living-eof-events\\\/fare-impresa-creativamente-lattualita-di-olivetti\\\/#primaryimage\"},\"image\":{\"@id\":\"https:\\\/\\\/francescoeconomy.org\\\/it\\\/living-eof-events\\\/fare-impresa-creativamente-lattualita-di-olivetti\\\/#primaryimage\"},\"thumbnailUrl\":\"https:\\\/\\\/francescoeconomy.org\\\/wp-content\\\/uploads\\\/2025\\\/10\\\/Olivetti-1.png\",\"datePublished\":\"2025-10-01T09:08:09+00:00\",\"dateModified\":\"2025-10-01T09:11:49+00:00\",\"breadcrumb\":{\"@id\":\"https:\\\/\\\/francescoeconomy.org\\\/it\\\/living-eof-events\\\/fare-impresa-creativamente-lattualita-di-olivetti\\\/#breadcrumb\"},\"inLanguage\":\"it-IT\",\"potentialAction\":[{\"@type\":\"ReadAction\",\"target\":[\"https:\\\/\\\/francescoeconomy.org\\\/it\\\/living-eof-events\\\/fare-impresa-creativamente-lattualita-di-olivetti\\\/\"]}]},{\"@type\":\"ImageObject\",\"inLanguage\":\"it-IT\",\"@id\":\"https:\\\/\\\/francescoeconomy.org\\\/it\\\/living-eof-events\\\/fare-impresa-creativamente-lattualita-di-olivetti\\\/#primaryimage\",\"url\":\"https:\\\/\\\/francescoeconomy.org\\\/wp-content\\\/uploads\\\/2025\\\/10\\\/Olivetti-1.png\",\"contentUrl\":\"https:\\\/\\\/francescoeconomy.org\\\/wp-content\\\/uploads\\\/2025\\\/10\\\/Olivetti-1.png\",\"width\":1414,\"height\":2000},{\"@type\":\"BreadcrumbList\",\"@id\":\"https:\\\/\\\/francescoeconomy.org\\\/it\\\/living-eof-events\\\/fare-impresa-creativamente-lattualita-di-olivetti\\\/#breadcrumb\",\"itemListElement\":[{\"@type\":\"ListItem\",\"position\":1,\"name\":\"Home\",\"item\":\"https:\\\/\\\/francescoeconomy.org\\\/it\\\/\"},{\"@type\":\"ListItem\",\"position\":2,\"name\":\"Eventi\",\"item\":\"https:\\\/\\\/francescoeconomy.org\\\/it\\\/living-eof-event\\\/\"},{\"@type\":\"ListItem\",\"position\":3,\"name\":\"Fare impresa creativamente. L\u2019attualit\u00e0 di Olivetti\"}]},{\"@type\":\"WebSite\",\"@id\":\"https:\\\/\\\/francescoeconomy.org\\\/#website\",\"url\":\"https:\\\/\\\/francescoeconomy.org\\\/\",\"name\":\"The Economy of Francesco\",\"description\":\"Young people, a commitment, the future\",\"publisher\":{\"@id\":\"https:\\\/\\\/francescoeconomy.org\\\/#organization\"},\"potentialAction\":[{\"@type\":\"SearchAction\",\"target\":{\"@type\":\"EntryPoint\",\"urlTemplate\":\"https:\\\/\\\/francescoeconomy.org\\\/?s={search_term_string}\"},\"query-input\":{\"@type\":\"PropertyValueSpecification\",\"valueRequired\":true,\"valueName\":\"search_term_string\"}}],\"inLanguage\":\"it-IT\"},{\"@type\":\"Organization\",\"@id\":\"https:\\\/\\\/francescoeconomy.org\\\/#organization\",\"name\":\"The Economy of Francesco\",\"url\":\"https:\\\/\\\/francescoeconomy.org\\\/\",\"logo\":{\"@type\":\"ImageObject\",\"inLanguage\":\"it-IT\",\"@id\":\"https:\\\/\\\/francescoeconomy.org\\\/#\\\/schema\\\/logo\\\/image\\\/\",\"url\":\"https:\\\/\\\/francescoeconomy.org\\\/wp-content\\\/uploads\\\/2019\\\/06\\\/Logo-EoF2020-tracciato.png\",\"contentUrl\":\"https:\\\/\\\/francescoeconomy.org\\\/wp-content\\\/uploads\\\/2019\\\/06\\\/Logo-EoF2020-tracciato.png\",\"width\":513,\"height\":513,\"caption\":\"The Economy of Francesco\"},\"image\":{\"@id\":\"https:\\\/\\\/francescoeconomy.org\\\/#\\\/schema\\\/logo\\\/image\\\/\"}}]}<\/script>\n<!-- \/ Yoast SEO plugin. -->","yoast_head_json":{"title":"Fare impresa creativamente. L\u2019attualit\u00e0 di Olivetti | The Economy of Francesco","robots":{"index":"index","follow":"follow","max-snippet":"max-snippet:-1","max-image-preview":"max-image-preview:large","max-video-preview":"max-video-preview:-1"},"canonical":"https:\/\/francescoeconomy.org\/it\/living-eof-events\/fare-impresa-creativamente-lattualita-di-olivetti\/","og_locale":"it_IT","og_type":"article","og_title":"Fare impresa creativamente. L\u2019attualit\u00e0 di Olivetti | The Economy of Francesco","og_description":"A fronte di una sempre maggiore difficolt\u00e0 nella continuit\u00e0 d\u2019impresa, giovani imprenditori di diverse associazioni dialogheranno con senior, docenti e un mons. Domenico Pompili.","og_url":"https:\/\/francescoeconomy.org\/it\/living-eof-events\/fare-impresa-creativamente-lattualita-di-olivetti\/","og_site_name":"The Economy of Francesco","article_modified_time":"2025-10-01T09:11:49+00:00","og_image":[{"width":1414,"height":2000,"url":"https:\/\/francescoeconomy.org\/wp-content\/uploads\/2025\/10\/Olivetti-1.png","type":"image\/png"}],"twitter_card":"summary_large_image","twitter_misc":{"Tempo di lettura stimato":"1 minuto"},"schema":{"@context":"https:\/\/schema.org","@graph":[{"@type":"WebPage","@id":"https:\/\/francescoeconomy.org\/it\/living-eof-events\/fare-impresa-creativamente-lattualita-di-olivetti\/","url":"https:\/\/francescoeconomy.org\/it\/living-eof-events\/fare-impresa-creativamente-lattualita-di-olivetti\/","name":"Fare impresa creativamente. L\u2019attualit\u00e0 di Olivetti | The Economy of Francesco","isPartOf":{"@id":"https:\/\/francescoeconomy.org\/#website"},"primaryImageOfPage":{"@id":"https:\/\/francescoeconomy.org\/it\/living-eof-events\/fare-impresa-creativamente-lattualita-di-olivetti\/#primaryimage"},"image":{"@id":"https:\/\/francescoeconomy.org\/it\/living-eof-events\/fare-impresa-creativamente-lattualita-di-olivetti\/#primaryimage"},"thumbnailUrl":"https:\/\/francescoeconomy.org\/wp-content\/uploads\/2025\/10\/Olivetti-1.png","datePublished":"2025-10-01T09:08:09+00:00","dateModified":"2025-10-01T09:11:49+00:00","breadcrumb":{"@id":"https:\/\/francescoeconomy.org\/it\/living-eof-events\/fare-impresa-creativamente-lattualita-di-olivetti\/#breadcrumb"},"inLanguage":"it-IT","potentialAction":[{"@type":"ReadAction","target":["https:\/\/francescoeconomy.org\/it\/living-eof-events\/fare-impresa-creativamente-lattualita-di-olivetti\/"]}]},{"@type":"ImageObject","inLanguage":"it-IT","@id":"https:\/\/francescoeconomy.org\/it\/living-eof-events\/fare-impresa-creativamente-lattualita-di-olivetti\/#primaryimage","url":"https:\/\/francescoeconomy.org\/wp-content\/uploads\/2025\/10\/Olivetti-1.png","contentUrl":"https:\/\/francescoeconomy.org\/wp-content\/uploads\/2025\/10\/Olivetti-1.png","width":1414,"height":2000},{"@type":"BreadcrumbList","@id":"https:\/\/francescoeconomy.org\/it\/living-eof-events\/fare-impresa-creativamente-lattualita-di-olivetti\/#breadcrumb","itemListElement":[{"@type":"ListItem","position":1,"name":"Home","item":"https:\/\/francescoeconomy.org\/it\/"},{"@type":"ListItem","position":2,"name":"Eventi","item":"https:\/\/francescoeconomy.org\/it\/living-eof-event\/"},{"@type":"ListItem","position":3,"name":"Fare impresa creativamente. L\u2019attualit\u00e0 di Olivetti"}]},{"@type":"WebSite","@id":"https:\/\/francescoeconomy.org\/#website","url":"https:\/\/francescoeconomy.org\/","name":"The Economy of Francesco","description":"Young people, a commitment, the future","publisher":{"@id":"https:\/\/francescoeconomy.org\/#organization"},"potentialAction":[{"@type":"SearchAction","target":{"@type":"EntryPoint","urlTemplate":"https:\/\/francescoeconomy.org\/?s={search_term_string}"},"query-input":{"@type":"PropertyValueSpecification","valueRequired":true,"valueName":"search_term_string"}}],"inLanguage":"it-IT"},{"@type":"Organization","@id":"https:\/\/francescoeconomy.org\/#organization","name":"The Economy of Francesco","url":"https:\/\/francescoeconomy.org\/","logo":{"@type":"ImageObject","inLanguage":"it-IT","@id":"https:\/\/francescoeconomy.org\/#\/schema\/logo\/image\/","url":"https:\/\/francescoeconomy.org\/wp-content\/uploads\/2019\/06\/Logo-EoF2020-tracciato.png","contentUrl":"https:\/\/francescoeconomy.org\/wp-content\/uploads\/2019\/06\/Logo-EoF2020-tracciato.png","width":513,"height":513,"caption":"The Economy of Francesco"},"image":{"@id":"https:\/\/francescoeconomy.org\/#\/schema\/logo\/image\/"}}]}},"_links":{"self":[{"href":"https:\/\/francescoeconomy.org\/it\/wp-json\/wp\/v2\/tribe_events\/31501","targetHints":{"allow":["GET"]}}],"collection":[{"href":"https:\/\/francescoeconomy.org\/it\/wp-json\/wp\/v2\/tribe_events"}],"about":[{"href":"https:\/\/francescoeconomy.org\/it\/wp-json\/wp\/v2\/types\/tribe_events"}],"author":[{"embeddable":true,"href":"https:\/\/francescoeconomy.org\/it\/wp-json\/wp\/v2\/users\/3"}],"version-history":[{"count":1,"href":"https:\/\/francescoeconomy.org\/it\/wp-json\/wp\/v2\/tribe_events\/31501\/revisions"}],"predecessor-version":[{"id":31502,"href":"https:\/\/francescoeconomy.org\/it\/wp-json\/wp\/v2\/tribe_events\/31501\/revisions\/31502"}],"wp:featuredmedia":[{"embeddable":true,"href":"https:\/\/francescoeconomy.org\/it\/wp-json\/wp\/v2\/media\/31495"}],"wp:attachment":[{"href":"https:\/\/francescoeconomy.org\/it\/wp-json\/wp\/v2\/media?parent=31501"}],"wp:term":[{"taxonomy":"post_tag","embeddable":true,"href":"https:\/\/francescoeconomy.org\/it\/wp-json\/wp\/v2\/tags?post=31501"},{"taxonomy":"tribe_events_cat","embeddable":true,"href":"https:\/\/francescoeconomy.org\/it\/wp-json\/wp\/v2\/tribe_events_cat?post=31501"}],"curies":[{"name":"wp","href":"https:\/\/api.w.org\/{rel}","templated":true}]}}

Fare impresa creativamente. L’attualità di Olivetti

<p>Sabato 4 ottobre alle ore 11:30 presso la Gran Guardia di Verona all’incontro “Fare impresa creativamente. L’attualità di Olivetti”, in occasione dei 65 anni dalla scomparsa di Adriano Olivetti.<br />
A fronte di una sempre maggiore difficoltà nella continuità d’impresa, giovani imprenditori di diverse associazioni (tra cui Intrapresa, Ucid, EoF, Federmanager, Confapi e ANGI) dialogheranno con senior, docenti e un mons. Domenico Pompili, vescovo di Verona, su cosa significa fare impresa oggi, sulle sfide del passaggio generazionale e sull’eredità del modello olivettiano.</p>
<p>La partecipazione è gratuita, ma i posti sono limitati. Iscriviti subito per riservare il tuo posto!</p>

<p>A fronte di una sempre maggiore difficoltà nella continuità d’impresa, giovani imprenditori di diverse associazioni dialogheranno con senior, docenti e un mons. Domenico Pompili.</p>

<!-- This site is optimized with the Yoast SEO plugin v27.5 - https://yoast.com/product/yoast-seo-wordpress/ -->
<title>Fare impresa creativamente. L’attualità di Olivetti | The Economy of Francesco</title>
<meta name="robots" content="index, follow, max-snippet:-1, max-image-preview:large, max-video-preview:-1" />
<link rel="canonical" href="https://francescoeconomy.org/it/living-eof-events/fare-impresa-creativamente-lattualita-di-olivetti/" />
<meta property="og:locale" content="it_IT" />
<meta property="og:type" content="article" />
<meta property="og:title" content="Fare impresa creativamente. L’attualità di Olivetti | The Economy of Francesco" />
<meta property="og:description" content="A fronte di una sempre maggiore difficoltà nella continuità d’impresa, giovani imprenditori di diverse associazioni dialogheranno con senior, docenti e un mons. Domenico Pompili." />
<meta property="og:url" content="https://francescoeconomy.org/it/living-eof-events/fare-impresa-creativamente-lattualita-di-olivetti/" />
<meta property="og:site_name" content="The Economy of Francesco" />
<meta property="article:modified_time" content="2025-10-01T09:11:49+00:00" />
<meta property="og:image" content="https://francescoeconomy.org/wp-content/uploads/2025/10/Olivetti-1.png" />
	<meta property="og:image:width" content="1414" />
	<meta property="og:image:height" content="2000" />
	<meta property="og:image:type" content="image/png" />
<meta name="twitter:card" content="summary_large_image" />
<meta name="twitter:label1" content="Tempo di lettura stimato" />
	<meta name="twitter:data1" content="1 minuto" />
<script type="application/ld+json" class="yoast-schema-graph">{"@context":"https:\/\/schema.org","@graph":[{"@type":"WebPage","@id":"https:\/\/francescoeconomy.org\/it\/living-eof-events\/fare-impresa-creativamente-lattualita-di-olivetti\/","url":"https:\/\/francescoeconomy.org\/it\/living-eof-events\/fare-impresa-creativamente-lattualita-di-olivetti\/","name":"Fare impresa creativamente. L’attualità di Olivetti | The Economy of Francesco","isPartOf":{"@id":"https:\/\/francescoeconomy.org\/#website"},"primaryImageOfPage":{"@id":"https:\/\/francescoeconomy.org\/it\/living-eof-events\/fare-impresa-creativamente-lattualita-di-olivetti\/#primaryimage"},"image":{"@id":"https:\/\/francescoeconomy.org\/it\/living-eof-events\/fare-impresa-creativamente-lattualita-di-olivetti\/#primaryimage"},"thumbnailUrl":"https:\/\/francescoeconomy.org\/wp-content\/uploads\/2025\/10\/Olivetti-1.png","datePublished":"2025-10-01T09:08:09+00:00","dateModified":"2025-10-01T09:11:49+00:00","breadcrumb":{"@id":"https:\/\/francescoeconomy.org\/it\/living-eof-events\/fare-impresa-creativamente-lattualita-di-olivetti\/#breadcrumb"},"inLanguage":"it-IT","potentialAction":[{"@type":"ReadAction","target":["https:\/\/francescoeconomy.org\/it\/living-eof-events\/fare-impresa-creativamente-lattualita-di-olivetti\/"]}]},{"@type":"ImageObject","inLanguage":"it-IT","@id":"https:\/\/francescoeconomy.org\/it\/living-eof-events\/fare-impresa-creativamente-lattualita-di-olivetti\/#primaryimage","url":"https:\/\/francescoeconomy.org\/wp-content\/uploads\/2025\/10\/Olivetti-1.png","contentUrl":"https:\/\/francescoeconomy.org\/wp-content\/uploads\/2025\/10\/Olivetti-1.png","width":1414,"height":2000},{"@type":"BreadcrumbList","@id":"https:\/\/francescoeconomy.org\/it\/living-eof-events\/fare-impresa-creativamente-lattualita-di-olivetti\/#breadcrumb","itemListElement":[{"@type":"ListItem","position":1,"name":"Home","item":"https:\/\/francescoeconomy.org\/it\/"},{"@type":"ListItem","position":2,"name":"Eventi","item":"https:\/\/francescoeconomy.org\/it\/living-eof-event\/"},{"@type":"ListItem","position":3,"name":"Fare impresa creativamente. L’attualità di Olivetti"}]},{"@type":"WebSite","@id":"https:\/\/francescoeconomy.org\/#website","url":"https:\/\/francescoeconomy.org\/","name":"The Economy of Francesco","description":"Young people, a commitment, the future","publisher":{"@id":"https:\/\/francescoeconomy.org\/#organization"},"potentialAction":[{"@type":"SearchAction","target":{"@type":"EntryPoint","urlTemplate":"https:\/\/francescoeconomy.org\/?s={search_term_string}"},"query-input":{"@type":"PropertyValueSpecification","valueRequired":true,"valueName":"search_term_string"}}],"inLanguage":"it-IT"},{"@type":"Organization","@id":"https:\/\/francescoeconomy.org\/#organization","name":"The Economy of Francesco","url":"https:\/\/francescoeconomy.org\/","logo":{"@type":"ImageObject","inLanguage":"it-IT","@id":"https:\/\/francescoeconomy.org\/#\/schema\/logo\/image\/","url":"https:\/\/francescoeconomy.org\/wp-content\/uploads\/2019\/06\/Logo-EoF2020-tracciato.png","contentUrl":"https:\/\/francescoeconomy.org\/wp-content\/uploads\/2019\/06\/Logo-EoF2020-tracciato.png","width":513,"height":513,"caption":"The Economy of Francesco"},"image":{"@id":"https:\/\/francescoeconomy.org\/#\/schema\/logo\/image\/"}}]}</script>
<!-- / Yoast SEO plugin. -->

Fare impresa creativamente. L’attualità di Olivetti | The Economy of Francesco

A fronte di una sempre maggiore difficoltà nella continuità d’impresa, giovani imprenditori di diverse associazioni dialogheranno con senior, docenti e un mons. Domenico Pompili.
